{"id":437,"date":"2012-10-18T12:04:04","date_gmt":"2012-10-18T10:04:04","guid":{"rendered":"http:\/\/comealong.es\/esp\/?page_id=437"},"modified":"2018-05-30T12:54:45","modified_gmt":"2018-05-30T10:54:45","slug":"aviso-legal","status":"publish","type":"page","link":"https:\/\/comealong.es\/esp\/aviso-legal","title":{"rendered":"Aviso legal"},"content":{"rendered":"<p><strong>Condiciones del servicio y pol\u00edtica de privacidad<\/strong><\/p>\n<p>El presente aviso legal regula el uso del servicio del sitio web <strong>www.comealong.es<\/strong> propiedad de <strong>Come Along SCP\u00a0<\/strong>\u00a0con domicilio en <strong>Calle Sant Isidre 94<\/strong>, con \u00a0NIF:<strong> J66245838<\/strong>. (<em>en adelante<\/em> <strong>Come Along<\/strong>)<\/p>\n<p>El uso del sitio web <strong>www.comealong.es<\/strong> se rige por las normas establecidas en el presente aviso legal. Con su utilizaci\u00f3n, usted acepta las condiciones de uso.<\/p>\n<p>&nbsp;<\/p>\n<p><strong>Contenido y uso <\/strong><\/p>\n<p>El usuario queda informado, y acepta, que el acceso a la presente web no supone, en modo alguno, el inicio de una relaci\u00f3n comercial o de otro tipo con <strong>Come Along<\/strong>.<\/p>\n<p><strong>Come Along<\/strong> se reserva el derecho de efectuar sin previo aviso las modificaciones que considere oportunas en su web, pudiendo cambiar, suprimir o a\u00f1adir tanto los contenidos y servicios que se presten a trav\u00e9s de la misma como la forma en la que \u00e9stos aparezcan presentados o localizados en sus servidores.<\/p>\n<p>&nbsp;<\/p>\n<p><strong>Pol\u00edtica de Privacidad. Protecci\u00f3n de datos<\/strong><\/p>\n<p>Responsable: Identidad: <strong>COME ALONG SCP<\/strong><\/p>\n<p>NIF: <strong>J66245838\u00a0<\/strong><\/p>\n<p>Dir. postal: <strong>CARRER SANT ISIDRE 94, PALLEJ\u00c0, 08780 BARCELONA.<\/strong><\/p>\n<p>Tel\u00e9fono: <strong>931804338<\/strong><\/p>\n<p>Correo elect: <strong>comealong@comealong.es<\/strong><\/p>\n<p>De conformidad con lo establecido en la normativa vigente en Protecci\u00f3n de Datos de Car\u00e1cter Personal, le informamos que:<\/p>\n<p>En nombre de la empresa tratamos la informaci\u00f3n que nos facilita con el fin de prestarles el servicio solicitado y realizar la facturaci\u00f3n del mismo. Los datos proporcionados se conservar\u00e1n mientras se mantenga la relaci\u00f3n comercial o durante los a\u00f1os necesarios para cumplir con las obligaciones legales.<\/p>\n<p>Los datos de car\u00e1cter personal que puedan ser facilitados a <strong>Come Along<\/strong> a trav\u00e9s de su web, ser\u00e1n la responsabilidad de <strong>Come Along<\/strong>, con la finalidad de gestionar la relaci\u00f3n con nosotros y mantenerle informado de nuestros productos y servicios en el sentido de la Ley Org\u00e1nica 15\/1999 de Protecci\u00f3n de Datos de Car\u00e1cter Personal.<\/p>\n<p><strong>COME ALONG SCP<\/strong> adopta las medidas necesarias para garantizar la seguridad, integridad y confidencialidad de los datos conforme a lo dispuesto en el Reglamento (UE) 2016\/679 del Parlamento Europeo y del Consejo, de 27 de abril de 2016, relativo a la protecci\u00f3n de las personas f\u00edsicas en lo que respecta al tratamiento de datos personales y a la libre circulaci\u00f3n de estos datos.<\/p>\n<p>El Usuario garantiza que los datos personales facilitados a la empresa son veraces y correctos, haci\u00e9ndose responsable de comunicar a \u00e9sta cualquier modificaci\u00f3n en los mismos.<\/p>\n<p class=\"pRGPD\">En aplicaci\u00f3n de la LSSI. <strong>COME ALONG SCP<\/strong> no enviar\u00e1 comunicaciones publicitarias o promocionales por correo electr\u00f3nico u otro medio de comunicaci\u00f3n electr\u00f3nica equivalente que previamente no hubieran sido solicitadas o expresamente autorizadas por los destinatarios de las mismas.<\/p>\n<p class=\"pRGPD\">En el caso de usuarios con los que exista una relaci\u00f3n contractual previa, <strong>COME ALONG SCP\u00a0<\/strong>s\u00ed est\u00e1 autorizado al env\u00edo de comunicaciones comerciales referentes a productos o servicios de la academia\u00a0<strong>COME ALONG SCP\u00a0<\/strong>que sean similares a los que inicialmente fueron objeto de contrataci\u00f3n con el cliente. En todo caso, el usuario puede solicitar que no se le hagan llegar m\u00e1s informaciones comerciales a trav\u00e9s de los canales de Atenci\u00f3n al Cliente, tras acreditar su identidad.<\/p>\n<p>Los datos no se ceder\u00e1n a terceros salvo en los casos en que exista una obligaci\u00f3n legal. Usted tiene derecho a obtener confirmaci\u00f3n sobre si en <strong>COME ALONG SCP<\/strong> estamos tratando sus datos personales por tanto tiene derecho a acceder a sus datos personales, rectificar los datos inexactos o solicitar su supresi\u00f3n cuando los datos ya no sean necesarios dirigiendo su petici\u00f3n a la direcci\u00f3n postal indicada m\u00e1s arriba o al correo electr\u00f3nico <strong>comealong@comealong.es<\/strong><br \/>\n<strong><br \/>\n<strong>Derechos de Propiedad Intelectual <\/strong><\/strong><\/p>\n<p>1.- Todos los contenidos del sitio web <strong>www.comealong.es<\/strong> (incluyendo, sin car\u00e1cter limitativo, bases de datos, im\u00e1genes y fotograf\u00edas, dibujos, gr\u00e1ficos y archivos de texto) son propiedad de <strong>Come Along<\/strong> o de los proveedores de contenidos, habiendo sido, en este \u00faltimo caso, objeto de licencia o cesi\u00f3n por parte de los mismos, y est\u00e1n protegidos por las normas nacionales o internacionales de propiedad intelectual. La recopilaci\u00f3n, dise\u00f1o, ordenaci\u00f3n y montaje de todo el contenido del sitio web es propiedad exclusiva de <strong>Come Along<\/strong> y se encuentra protegida por las normas nacionales e internacionales de propiedad industrial e intelectual.<\/p>\n<p>2.- Las marcas, r\u00f3tulos, signos distintivos o logos del web referenciado son titularidad de <strong>Come Along<\/strong> y est\u00e1n debidamente registrados, as\u00ed como los textos, datos y dibujos gr\u00e1ficos; o bien son titularidad de las entidades proveedoras de informaci\u00f3n, no pudiendo ser objeto de ulterior modificaci\u00f3n, copia, transformaci\u00f3n, alteraci\u00f3n, reproducci\u00f3n, adaptaci\u00f3n o traducci\u00f3n por parte de terceros, sin la expresa autorizaci\u00f3n por parte del titular de dicho contenido. La puesta a disposici\u00f3n de los textos, datos y dibujos gr\u00e1ficos no implica, en ning\u00fan caso, la cesi\u00f3n de su titularidad o la concesi\u00f3n de un derecho de explotaci\u00f3n, reproducci\u00f3n, difusi\u00f3n, transformaci\u00f3n, distribuci\u00f3n, o transmisi\u00f3n a su favor, distinto del derecho de uso que comporta la utilizaci\u00f3n leg\u00edtima del web.<\/p>\n<p>3.-\u00a0Las im\u00e1genes de personas que puedan aparecer en la web \u00fanicamente se podr\u00e1n visualizar dentro del portal de Come Along, en ning\u00fan caso se podr\u00e1n copiar, reproducir, comunicar p\u00fablicamente o vincular fuera del contexto del citado portal ya que no se concede ning\u00fan derecho sobre ellas.<\/p>\n<p><strong>Manifestaciones <\/strong><\/p>\n<p>1.- <strong>Come Along<\/strong> manifiesta que este sitio web dispone de la tecnolog\u00eda adecuada para permitir el acceso y utilizaci\u00f3n del mismo. No obstante, no se responsabiliza por la eventual existencia de virus u otros elementos nocivos, introducidos por cualquier medio o por cualquier tercero, que puedan producir alteraciones en sus sistemas inform\u00e1ticos.<\/p>\n<p>2.- El sitio web <strong>www.comealong.es<\/strong> podr\u00eda contener inexactitudes, omisiones relevantes, imprecisiones o erratas. <strong>Come Along<\/strong> no garantiza, en ning\u00fan caso, la veracidad, exactitud y actualidad de los datos contenidos en su sitio web. El usuario que accede al mismo exonera a <strong>Come Along <\/strong>de cualquier responsabilidad en relaci\u00f3n a la fiabilidad, utilidad o falsas expectativas que este sitio web pudiera producirle.<\/p>\n<p>3.- Del mismo modo, este web no utiliza cookies ni otros medios t\u00e9cnicos que permitan identificar a los usuarios, ni conocer datos relativos a su navegaci\u00f3n.<\/p>\n<p><strong>Limitaci\u00f3n de responsabilidad <\/strong><\/p>\n<p>1.- <strong>Come Along<\/strong> no ofrece garant\u00edas de ninguna clase en cuanto al funcionamiento del presente web o a la informaci\u00f3n contenida en el mismo, ni ser\u00e1 responsable de los da\u00f1os o perjuicios, de cualquier \u00edndole, que puedan derivarse de su uso.<\/p>\n<p>2.- Asimismo, <strong>Come Along <\/strong>excluye toda responsabilidad por la licitud, contenido y calidad de los datos e informaciones ofrecidos por terceras entidades a trav\u00e9s del citado sitio web.<\/p>\n<p><strong>Enlaces hiperv\u00ednculos <\/strong><\/p>\n<p>1.- Los titulares de otros sitios web que deseen crear un hiperv\u00ednculo a <strong>www.comealong.es<\/strong> se comprometen a no realizar manifestaciones falsas, inexactas o incorrectas, que puedan inducir a error o, en general, que sean contrarias a las leyes.<\/p>\n<p>2.- Los titulares de otros sitios web que deseen crear un hiperv\u00ednculo a <strong>www.comealong.es<\/strong> se comprometen, asimismo, a no establecer hiperv\u00ednculos con sitios web que contengan contenidos, manifestaciones o propaganda de \u00edndole racista, xen\u00f3fobo, pornogr\u00e1fico, de apolog\u00eda del terrorismo y, en general, puedan perjudicar de cualquier modo el buen nombre o la imagen de <strong>Come Along<\/strong>.<\/p>\n<p>3.- La inclusi\u00f3n de hiperv\u00ednculos en <strong>www.comealong.es<\/strong> implica necesariamente que <strong>Come Along<\/strong> mantenga relaciones mercantiles o v\u00ednculos asociativos con el titular del sitio web en la que se establezca el enlace.<\/p>\n<p>4.- La presencia de hiperv\u00ednculos tiene una finalidad meramente informativa, motivo por el cual, <strong>Come Along<\/strong> no se responsabiliza ni otorga garant\u00eda de ninguna naturaleza, ni expresa ni impl\u00edcita respecto a la comerciabilidad, idoneidad, calidad, caracter\u00edsticas, procedencia, comercializaci\u00f3n o cualquier otro aspecto de las informaciones y\/o productos y\/o servicios que se ofrezcan a trav\u00e9s del sitio web referenciado.<\/p>\n<p><strong>Legislaci\u00f3n aplicable <\/strong><\/p>\n<p>Con car\u00e1cter general las relaciones entre <strong>Come Along<\/strong> con los usuarios de sus servicios telem\u00e1ticos, presentes en la web, se encuentran sometidas a la legislaci\u00f3n y jurisdicci\u00f3n espa\u00f1olas.<\/p>\n<p>&nbsp;<\/p>\n","protected":false},"excerpt":{"rendered":"<p>Condiciones del servicio y pol\u00edtica de privacidad El presente aviso<\/p>\n","protected":false},"author":1,"featured_media":0,"parent":0,"menu_order":11,"comment_status":"closed","ping_status":"open","template":"100-width.php","meta":{"footnotes":""},"class_list":["post-437","page","type-page","status-publish","hentry"],"_links":{"self":[{"href":"https:\/\/comealong.es\/esp\/wp-json\/wp\/v2\/pages\/437","targetHints":{"allow":["GET"]}}],"collection":[{"href":"https:\/\/comealong.es\/esp\/wp-json\/wp\/v2\/pages"}],"about":[{"href":"https:\/\/comealong.es\/esp\/wp-json\/wp\/v2\/types\/page"}],"author":[{"embeddable":true,"href":"https:\/\/comealong.es\/esp\/wp-json\/wp\/v2\/users\/1"}],"replies":[{"embeddable":true,"href":"https:\/\/comealong.es\/esp\/wp-json\/wp\/v2\/comments?post=437"}],"version-history":[{"count":10,"href":"https:\/\/comealong.es\/esp\/wp-json\/wp\/v2\/pages\/437\/revisions"}],"predecessor-version":[{"id":1071,"href":"https:\/\/comealong.es\/esp\/wp-json\/wp\/v2\/pages\/437\/revisions\/1071"}],"wp:attachment":[{"href":"https:\/\/comealong.es\/esp\/wp-json\/wp\/v2\/media?parent=437"}],"curies":[{"name":"wp","href":"https:\/\/api.w.org\/{rel}","templated":true}]}}